{"id":888,"date":"2023-01-10T15:46:30","date_gmt":"2023-01-10T14:46:30","guid":{"rendered":"http:\/\/localhost\/?page_id=888"},"modified":"2023-01-11T09:05:00","modified_gmt":"2023-01-11T08:05:00","slug":"steph-curry-collection","status":"publish","type":"page","link":"https:\/\/uatlet.se\/?page_id=888","title":{"rendered":"Steph Curry Collection"},"content":{"rendered":"<div class=\"vc_row wpb_row vc_row-fluid\"><div class=\"wpb_column vc_column_container vc_col-sm-12\"><div class=\"vc_column-inner\"><div class=\"wpb_wrapper\">        <div class=\"ovic-custom-heading style-01   ovic_vc_custom_63be6dac1a912  ovic_vc_custom_63be6dac1a912\"\n             style=\"\">\n                                                <h2 class=\"title\" style=\"\">\n                        <span class=\"text\">Stephen Curry - B\u00e4sta skytten n\u00e5gonsin!<\/span>\n                    <\/h2>\n                                                    <\/div>\n        <\/div><\/div><\/div><\/div><div class=\"vc_row wpb_row vc_row-fluid\"><div class=\"wpb_column vc_column_container vc_col-sm-12\"><div class=\"vc_column-inner\"><div class=\"wpb_wrapper\">\n\t<div class=\"wpb_text_column wpb_content_element ovic_vc_custom_63be6dac1a914 \" >\n\t\t<div class=\"wpb_wrapper\">\n\t\t\t<p>Det \u00e4r r\u00e4tt att s\u00e4ga att Stephen Curry \u00e4r v\u00e4rldens b\u00e4sta 3-po\u00e4ngsskytt n\u00e5gonsin. Och d\u00e5 finns det \u00e4nd\u00e5 ganska styv konkurrens. Han \u00e4r b\u00e4ttre \u00e4n spelare som Dirk Nowitzki, Steve Kerr, Larry Bird(!), Steve Nash, Reggie Miller, Ray Allen och alla idag aktiva spelare, inklusive LeBron, Durant och lagkamraten Klay Thompson. Det g\u00e5r inte att argumentera mot att Curry \u00e4r den b\u00e4sta n\u00e5gonsin.<\/p>\n<p>Fram till idag har Steph satt 3117 (and counting) treor, vilket f\u00f6rst\u00e5s \u00e4r flest n\u00e5gonsin. Fler \u00e4n Ray Allens 2973. Han leder ocks\u00e5 listan all-time i slutspelet med 489 (and counting) och flest treor under en s\u00e4song med 402 under 2015-16. Det \u00e4r sv\u00e5rt att argumentera mot s\u00e5dana siffror.<\/p>\n<p>Vi \u00e4r s\u00e4kra p\u00e5 att ni redan har sett det, men kolla h\u00e4r om ni inte litar p\u00e5 statistiken. Det h\u00e4r \u00e4r outstanding!<\/p>\n\n\t\t<\/div>\n\t<\/div>\n<\/div><\/div><\/div><\/div><div class=\"vc_row wpb_row vc_row-fluid\"><div class=\"wpb_column vc_column_container vc_col-sm-12 ovic_vc_custom_63be6dac1a915\"><div class=\"vc_column-inner\"><div class=\"wpb_wrapper\">            <div class=\"ovic-video style-01  ovic_vc_custom_63be6dac1a916  \">\n                <div class=\"inner\">\n                    <span><\/span>\n                    <div style=\"width: 525px;\" class=\"wp-video\"><video class=\"wp-video-shortcode\" id=\"video-888-1\" width=\"525\" height=\"294\" preload=\"auto\" controls=\"controls\"><source type=\"video\/youtube\" src=\"https:\/\/youtu.be\/P5_xgip67ac?_=1\" \/><a href=\"https:\/\/youtu.be\/P5_xgip67ac\">https:\/\/youtu.be\/P5_xgip67ac<\/a><\/video><\/div>                <\/div>\n            <\/div>\n\t\t\t<\/div><\/div><\/div><\/div><div class=\"vc_row wpb_row vc_row-fluid\"><div class=\"wpb_column vc_column_container vc_col-sm-12\"><div class=\"vc_column-inner\"><div class=\"wpb_wrapper\"><div class=\"vc_empty_space ovic_vc_custom_63be6dac1a917\"   style=\"height: 32px\"><span class=\"vc_empty_space_inner\"><\/span><\/div>\n\t<div class=\"wpb_text_column wpb_content_element ovic_vc_custom_63be6dac1a918 \" >\n\t\t<div class=\"wpb_wrapper\">\n\t\t\t<p>Curry har haft ett partnerskap med Under Armour sedan 2003 och har ett avtal som str\u00e4cker sig till 2024. Tillsammans har dom lanserat b\u00e5de varum\u00e4rket Curry och deras signature SC30 (vilket f\u00f6rst\u00e5s \u00e4r en referens till Steph Curry, #30) collection. Vi har fortfarande n\u00e5gra f\u00e5 ovanliga plagg kvar fr\u00e5n SC30, inklusive n\u00e5gra popul\u00e4ra ICDAT plagg. \u201dI Can Do All Things\u201d. Det \u00e4r ett ganska bra statement att ha p\u00e5 sig, men som ocks\u00e5 har ett m\u00e5tt av allvar. Det \u00e4r en passage fr\u00e5n bibeln, men vi tror ocks\u00e5 att det finns andra sk\u00e4l till att Curry anv\u00e4nder det.<\/p>\n\n\t\t<\/div>\n\t<\/div>\n<div class=\"vc_empty_space ovic_vc_custom_63be6dac1a919\"   style=\"height: 32px\"><span class=\"vc_empty_space_inner\"><\/span><\/div><\/div><\/div><\/div><\/div><div class=\"vc_row wpb_row vc_row-fluid\"><div class=\"wpb_column vc_column_container vc_col-sm-8\"><div class=\"vc_column-inner\"><div class=\"wpb_wrapper\">\n\t<div class=\"wpb_text_column wpb_content_element ovic_vc_custom_63be6dac1a91a \" >\n\t\t<div class=\"wpb_wrapper\">\n\t\t\t<p>Steph \u00e4r f\u00f6rst\u00e5s mest k\u00e4nd f\u00f6r sitt outstanding trepo\u00e4ngsskytte (se bevis ovan) men han \u00e4r ocks\u00e5 \u2013 och vill bli erk\u00e4nd som \u2013 en riktigt bra all-around basketspelare. Hans f\u00f6rsvar \u00e4r superbt och hans bollhantering helt magisk. Han har talanger som str\u00e4cker sig l\u00e5ngt l\u00e4ngre \u00e4n att bara skjuta treor. Det \u00e4r han b\u00e4st p\u00e5. Absolut! Men han han g\u00f6ra mer saker \u2026. kan du?<\/p>\n<p>\u201dEverything I put my name on has to be good\u2014it has to help you play and it has to support our mission to change the game for good.\u201d \u2013 Stephen Curry<\/p>\n\n\t\t<\/div>\n\t<\/div>\n<\/div><\/div><\/div><div class=\"wpb_column vc_column_container vc_col-sm-4\"><div class=\"vc_column-inner\"><div class=\"wpb_wrapper\">\n\t<div  class=\"wpb_single_image wpb_content_element vc_align_center ovic_vc_custom_63be6dac1a91b\">\n\t\t\n\t\t<figure class=\"wpb_wrapper vc_figure\">\n\t\t\t<div class=\"vc_single_image-wrapper   vc_box_border_grey\"><figure><img decoding=\"async\" width=\"150\" height=\"150\" src=\"https:\/\/uatlet.se\/wp-content\/uploads\/2023\/01\/Curry-1.png\" class=\"vc_single_image-img attachment-thumbnail wp-post-image\" alt=\"\" title=\"Curry\" \/><\/figure><\/div>\n\t\t<\/figure>\n\t<\/div>\n<\/div><\/div><\/div><\/div><div class=\"vc_row wpb_row vc_row-fluid\"><div class=\"wpb_column vc_column_container vc_col-sm-12\"><div class=\"vc_column-inner\"><div class=\"wpb_wrapper\"><div data-id=\"ovic_vc_custom_63be6dac1a91c\" class=\"ovic-products style-04    ovic_vc_custom_63be6dac1a91c  ovic_vc_custom_63be6dac1a91c\">        <div class=\"ovic-custom-heading style-01   \"\n             style=\"\">\n                                                <h2 class=\"title\" style=\"\">\n                        <span class=\"text\">SC30 - Steph Curry Collection<\/span>\n                    <\/h2>\n                                                    <p class=\"subtitle\">\n                        Under Armour                    <\/p>\n                                    <\/div>\n        <div class=\"woocommerce columns-4 grid\"><ul class=\"products featured_products equal-container better-height product-list-grid row auto-clear\"><li data-product_id=\"476\" class=\"product-item style-04 short-title label- rows-space-30 col-bg-4 col-lg-4 col-md-6 col-sm-6 col-xs-6 col-ts-6 rtwpvs-product product type-product post-476 status-publish first instock product_cat-kortarmat product_tag-man product_tag-sc30 has-post-thumbnail sale featured taxable shipping-taxable purchasable product-type-variable\">\n\t    <div class=\"product-inner\">\n\t\t        <div class=\"product-thumb\">\n\t\t\t<div class=\"product-labels\"><span class=\"featured product-label\">Hot<\/span><span class=\"onsale product-label\"><span class=\"text\">Sale<\/span><span class=\"percent\">-25%<\/span><\/span><\/div>        <div class=\"thumb-wrapper\" >\n            <a class=\"thumb-link woocommerce-product-gallery__image hover-zoom\"\n               href=\"https:\/\/uatlet.se\/?product=under-armour-sc30-icdat-t-shirt-svart\">\n                <figure class=\"primary-thumb\"><img fetchpriority=\"high\" decoding=\"async\" width=\"300\" height=\"300\" src=\"https:\/\/uatlet.se\/wp-content\/uploads\/2023\/01\/102807-SC30-ICDAT-T-Shirt-Black-1326720-001-300x300.png\" class=\"attachment-300x300 size-300x300 wp-post-image\" alt=\"\" \/><\/figure>            <\/a>\n                    <\/div>\n                    <div class=\"group-button\">\n\t\t\t\t<span class=\"add-to-cart\" data-title=\"V\u00e4lj alternativ\"><a href=\"https:\/\/uatlet.se\/?product=under-armour-sc30-icdat-t-shirt-svart\" data-quantity=\"1\" class=\"button product_type_variable add_to_cart_button rtwpvs_add_to_cart rtwpvs_ajax_add_to_cart\" data-product_id=\"476\" data-product_sku=\"102807\" aria-label=\"V\u00e4lj alternativ f\u00f6r \u201dUnder Armour SC30 ICDAT T-Shirt Svart\u201d\" rel=\"nofollow\" data-variation_id=\"\" data-variation=\"\">V\u00e4lj alternativ<\/a><\/span><a href=\"#\" class=\"button yith-wcqv-button\" data-product_id=\"476\">Snabbvisning<\/a>            <\/div>\n        <\/div>\n        <div class=\"product-info equal-elem\">\n\t\t\t<h3 class=\"product-title\"><a href=\"https:\/\/uatlet.se\/?product=under-armour-sc30-icdat-t-shirt-svart\">Under Armour SC30 ICDAT T-Shirt Svart<\/a><\/h3>\n\t<span class=\"price\"><del aria-hidden=\"true\"><span class=\"woocommerce-Price-amount amount\"><bdi>400,00&nbsp;<span class=\"woocommerce-Price-currencySymbol\">&#107;&#114;<\/span><\/bdi><\/span><\/del> <span class=\"screen-reader-text\">Det ursprungliga priset var: 400,00&nbsp;&#107;&#114;.<\/span><ins aria-hidden=\"true\"><span class=\"woocommerce-Price-amount amount\"><bdi>299,00&nbsp;<span class=\"woocommerce-Price-currencySymbol\">&#107;&#114;<\/span><\/bdi><\/span><\/ins><span class=\"screen-reader-text\">Det nuvarande priset \u00e4r: 299,00&nbsp;&#107;&#114;.<\/span><\/span>\n        <\/div>\n    <\/div>\n<\/li>\n<li data-product_id=\"499\" class=\"product-item style-04 short-title label- rows-space-30 col-bg-4 col-lg-4 col-md-6 col-sm-6 col-xs-6 col-ts-6 rtwpvs-product product type-product post-499 status-publish instock product_cat-kortarmat product_tag-man product_tag-sc30 has-post-thumbnail sale featured taxable shipping-taxable purchasable product-type-variable\">\n\t    <div class=\"product-inner\">\n\t\t        <div class=\"product-thumb\">\n\t\t\t<div class=\"product-labels\"><span class=\"featured product-label\">Hot<\/span><span class=\"onsale product-label\"><span class=\"text\">Sale<\/span><span class=\"percent\">-23%<\/span><\/span><\/div>        <div class=\"thumb-wrapper\" >\n            <a class=\"thumb-link woocommerce-product-gallery__image hover-zoom\"\n               href=\"https:\/\/uatlet.se\/?product=under-armour-sc30-box-logo-t-shirt-svart\">\n                <figure class=\"primary-thumb\"><img decoding=\"async\" width=\"300\" height=\"300\" src=\"https:\/\/uatlet.se\/wp-content\/uploads\/2023\/01\/103221-Under-Armour-SC30-Box-Logo-T-Shirt-Black-1326719-001-300x300.png\" class=\"attachment-300x300 size-300x300 wp-post-image\" alt=\"\" \/><\/figure>            <\/a>\n                    <\/div>\n                    <div class=\"group-button\">\n\t\t\t\t<span class=\"add-to-cart\" data-title=\"V\u00e4lj alternativ\"><a href=\"https:\/\/uatlet.se\/?product=under-armour-sc30-box-logo-t-shirt-svart\" data-quantity=\"1\" class=\"button product_type_variable add_to_cart_button rtwpvs_add_to_cart rtwpvs_ajax_add_to_cart\" data-product_id=\"499\" data-product_sku=\"103221\" aria-label=\"V\u00e4lj alternativ f\u00f6r \u201dUnder Armour SC30 Box Logo T-Shirt Svart\u201d\" rel=\"nofollow\" data-variation_id=\"\" data-variation=\"\">V\u00e4lj alternativ<\/a><\/span><a href=\"#\" class=\"button yith-wcqv-button\" data-product_id=\"499\">Snabbvisning<\/a>            <\/div>\n        <\/div>\n        <div class=\"product-info equal-elem\">\n\t\t\t<h3 class=\"product-title\"><a href=\"https:\/\/uatlet.se\/?product=under-armour-sc30-box-logo-t-shirt-svart\">Under Armour SC30 Box Logo T-Shirt Svart<\/a><\/h3>\n\t<span class=\"price\"><del aria-hidden=\"true\"><span class=\"woocommerce-Price-amount amount\"><bdi>390,00&nbsp;<span class=\"woocommerce-Price-currencySymbol\">&#107;&#114;<\/span><\/bdi><\/span><\/del> <span class=\"screen-reader-text\">Det ursprungliga priset var: 390,00&nbsp;&#107;&#114;.<\/span><ins aria-hidden=\"true\"><span class=\"woocommerce-Price-amount amount\"><bdi>299,00&nbsp;<span class=\"woocommerce-Price-currencySymbol\">&#107;&#114;<\/span><\/bdi><\/span><\/ins><span class=\"screen-reader-text\">Det nuvarande priset \u00e4r: 299,00&nbsp;&#107;&#114;.<\/span><\/span>\n        <\/div>\n    <\/div>\n<\/li>\n<li data-product_id=\"472\" class=\"product-item style-04 short-title label- rows-space-30 col-bg-4 col-lg-4 col-md-6 col-sm-6 col-xs-6 col-ts-6 rtwpvs-product product type-product post-472 status-publish instock product_cat-kortarmat product_cat-tank-tops product_tag-man product_tag-sc30 has-post-thumbnail sale featured taxable shipping-taxable purchasable product-type-variable\">\n\t    <div class=\"product-inner\">\n\t\t        <div class=\"product-thumb\">\n\t\t\t<div class=\"product-labels\"><span class=\"featured product-label\">Hot<\/span><span class=\"onsale product-label\"><span class=\"text\">Sale<\/span><span class=\"percent\">-31%<\/span><\/span><\/div>        <div class=\"thumb-wrapper\" >\n            <a class=\"thumb-link woocommerce-product-gallery__image hover-zoom\"\n               href=\"https:\/\/uatlet.se\/?product=under-armour-sc30-ultra-performance-tank\">\n                <figure class=\"primary-thumb\"><img loading=\"lazy\" decoding=\"async\" width=\"300\" height=\"300\" src=\"https:\/\/uatlet.se\/wp-content\/uploads\/2023\/01\/102791-SC30-Ultra-Performance-Tank-1326710-001-300x300.png\" class=\"attachment-300x300 size-300x300 wp-post-image\" alt=\"\" \/><\/figure>            <\/a>\n                    <\/div>\n                    <div class=\"group-button\">\n\t\t\t\t<span class=\"add-to-cart\" data-title=\"V\u00e4lj alternativ\"><a href=\"https:\/\/uatlet.se\/?product=under-armour-sc30-ultra-performance-tank\" data-quantity=\"1\" class=\"button product_type_variable add_to_cart_button rtwpvs_add_to_cart rtwpvs_ajax_add_to_cart\" data-product_id=\"472\" data-product_sku=\"102791\" aria-label=\"V\u00e4lj alternativ f\u00f6r \u201dUnder Armour SC30 Ultra Performance Tank\u201d\" rel=\"nofollow\" data-variation_id=\"\" data-variation=\"\">V\u00e4lj alternativ<\/a><\/span><a href=\"#\" class=\"button yith-wcqv-button\" data-product_id=\"472\">Snabbvisning<\/a>            <\/div>\n        <\/div>\n        <div class=\"product-info equal-elem\">\n\t\t\t<h3 class=\"product-title\"><a href=\"https:\/\/uatlet.se\/?product=under-armour-sc30-ultra-performance-tank\">Under Armour SC30 Ultra Performance Tank<\/a><\/h3>\n\t<span class=\"price\"><del aria-hidden=\"true\"><span class=\"woocommerce-Price-amount amount\"><bdi>650,00&nbsp;<span class=\"woocommerce-Price-currencySymbol\">&#107;&#114;<\/span><\/bdi><\/span><\/del> <span class=\"screen-reader-text\">Det ursprungliga priset var: 650,00&nbsp;&#107;&#114;.<\/span><ins aria-hidden=\"true\"><span class=\"woocommerce-Price-amount amount\"><bdi>449,00&nbsp;<span class=\"woocommerce-Price-currencySymbol\">&#107;&#114;<\/span><\/bdi><\/span><\/ins><span class=\"screen-reader-text\">Det nuvarande priset \u00e4r: 449,00&nbsp;&#107;&#114;.<\/span><\/span>\n        <\/div>\n    <\/div>\n<\/li>\n<li data-product_id=\"498\" class=\"product-item style-04 short-title label- rows-space-30 col-bg-4 col-lg-4 col-md-6 col-sm-6 col-xs-6 col-ts-6 rtwpvs-product product type-product post-498 status-publish last instock product_cat-kortarmat product_tag-man product_tag-sc30 has-post-thumbnail sale featured taxable shipping-taxable purchasable product-type-variable\">\n\t    <div class=\"product-inner\">\n\t\t        <div class=\"product-thumb\">\n\t\t\t<div class=\"product-labels\"><span class=\"featured product-label\">Hot<\/span><span class=\"onsale product-label\"><span class=\"text\">Sale<\/span><span class=\"percent\">-23%<\/span><\/span><\/div>        <div class=\"thumb-wrapper\" >\n            <a class=\"thumb-link woocommerce-product-gallery__image hover-zoom\"\n               href=\"https:\/\/uatlet.se\/?product=under-armour-sc30-box-logo-t-shirt-bla\">\n                <figure class=\"primary-thumb\"><img loading=\"lazy\" decoding=\"async\" width=\"300\" height=\"300\" src=\"https:\/\/uatlet.se\/wp-content\/uploads\/2023\/01\/102799-SC30-Box-Logo-T-Shirt-1326719-400-300x300.png\" class=\"attachment-300x300 size-300x300 wp-post-image\" alt=\"\" \/><\/figure>            <\/a>\n                    <\/div>\n                    <div class=\"group-button\">\n\t\t\t\t<span class=\"add-to-cart\" data-title=\"V\u00e4lj alternativ\"><a href=\"https:\/\/uatlet.se\/?product=under-armour-sc30-box-logo-t-shirt-bla\" data-quantity=\"1\" class=\"button product_type_variable add_to_cart_button rtwpvs_add_to_cart rtwpvs_ajax_add_to_cart\" data-product_id=\"498\" data-product_sku=\"102799\" aria-label=\"V\u00e4lj alternativ f\u00f6r \u201dUnder Armour SC30 Box Logo T-Shirt Bl\u00e5\u201d\" rel=\"nofollow\" data-variation_id=\"\" data-variation=\"\">V\u00e4lj alternativ<\/a><\/span><a href=\"#\" class=\"button yith-wcqv-button\" data-product_id=\"498\">Snabbvisning<\/a>            <\/div>\n        <\/div>\n        <div class=\"product-info equal-elem\">\n\t\t\t<h3 class=\"product-title\"><a href=\"https:\/\/uatlet.se\/?product=under-armour-sc30-box-logo-t-shirt-bla\">Under Armour SC30 Box Logo T-Shirt Bl\u00e5<\/a><\/h3>\n\t<span class=\"price\"><del aria-hidden=\"true\"><span class=\"woocommerce-Price-amount amount\"><bdi>390,00&nbsp;<span class=\"woocommerce-Price-currencySymbol\">&#107;&#114;<\/span><\/bdi><\/span><\/del> <span class=\"screen-reader-text\">Det ursprungliga priset var: 390,00&nbsp;&#107;&#114;.<\/span><ins aria-hidden=\"true\"><span class=\"woocommerce-Price-amount amount\"><bdi>299,00&nbsp;<span class=\"woocommerce-Price-currencySymbol\">&#107;&#114;<\/span><\/bdi><\/span><\/ins><span class=\"screen-reader-text\">Det nuvarande priset \u00e4r: 299,00&nbsp;&#107;&#114;.<\/span><\/span>\n        <\/div>\n    <\/div>\n<\/li>\n<li data-product_id=\"480\" class=\"product-item style-04 short-title label- rows-space-30 col-bg-4 col-lg-4 col-md-6 col-sm-6 col-xs-6 col-ts-6 rtwpvs-product product type-product post-480 status-publish first instock product_cat-kortarmat product_tag-man product_tag-sc30 has-post-thumbnail sale featured taxable shipping-taxable purchasable product-type-variable\">\n\t    <div class=\"product-inner\">\n\t\t        <div class=\"product-thumb\">\n\t\t\t<div class=\"product-labels\"><span class=\"featured product-label\">Hot<\/span><span class=\"onsale product-label\"><span class=\"text\">Sale<\/span><span class=\"percent\">-25%<\/span><\/span><\/div>        <div class=\"thumb-wrapper\" >\n            <a class=\"thumb-link woocommerce-product-gallery__image hover-zoom\"\n               href=\"https:\/\/uatlet.se\/?product=under-armour-sc30-icdat-t-shirt-vit\">\n                <figure class=\"primary-thumb\"><img loading=\"lazy\" decoding=\"async\" width=\"300\" height=\"300\" src=\"https:\/\/uatlet.se\/wp-content\/uploads\/2023\/01\/102815-SC30-ICDAT-T-Shirt-White-1326720-100-300x300.png\" class=\"attachment-300x300 size-300x300 wp-post-image\" alt=\"\" \/><\/figure>            <\/a>\n                    <\/div>\n                    <div class=\"group-button\">\n\t\t\t\t<span class=\"add-to-cart\" data-title=\"V\u00e4lj alternativ\"><a href=\"https:\/\/uatlet.se\/?product=under-armour-sc30-icdat-t-shirt-vit\" data-quantity=\"1\" class=\"button product_type_variable add_to_cart_button rtwpvs_add_to_cart rtwpvs_ajax_add_to_cart\" data-product_id=\"480\" data-product_sku=\"102815\" aria-label=\"V\u00e4lj alternativ f\u00f6r \u201dUnder Armour SC30 ICDAT T-Shirt Vit\u201d\" rel=\"nofollow\" data-variation_id=\"\" data-variation=\"\">V\u00e4lj alternativ<\/a><\/span><a href=\"#\" class=\"button yith-wcqv-button\" data-product_id=\"480\">Snabbvisning<\/a>            <\/div>\n        <\/div>\n        <div class=\"product-info equal-elem\">\n\t\t\t<h3 class=\"product-title\"><a href=\"https:\/\/uatlet.se\/?product=under-armour-sc30-icdat-t-shirt-vit\">Under Armour SC30 ICDAT T-Shirt Vit<\/a><\/h3>\n\t<span class=\"price\"><del aria-hidden=\"true\"><span class=\"woocommerce-Price-amount amount\"><bdi>400,00&nbsp;<span class=\"woocommerce-Price-currencySymbol\">&#107;&#114;<\/span><\/bdi><\/span><\/del> <span class=\"screen-reader-text\">Det ursprungliga priset var: 400,00&nbsp;&#107;&#114;.<\/span><ins aria-hidden=\"true\"><span class=\"woocommerce-Price-amount amount\"><bdi>299,00&nbsp;<span class=\"woocommerce-Price-currencySymbol\">&#107;&#114;<\/span><\/bdi><\/span><\/ins><span class=\"screen-reader-text\">Det nuvarande priset \u00e4r: 299,00&nbsp;&#107;&#114;.<\/span><\/span>\n        <\/div>\n    <\/div>\n<\/li>\n<li data-product_id=\"503\" class=\"product-item style-04 short-title label- rows-space-30 col-bg-4 col-lg-4 col-md-6 col-sm-6 col-xs-6 col-ts-6 rtwpvs-product product type-product post-503 status-publish instock product_cat-shorts product_tag-man product_tag-sc30 has-post-thumbnail sale featured taxable shipping-taxable purchasable product-type-variable\">\n\t    <div class=\"product-inner\">\n\t\t        <div class=\"product-thumb\">\n\t\t\t<div class=\"product-labels\"><span class=\"featured product-label\">Hot<\/span><span class=\"onsale product-label\"><span class=\"text\">Sale<\/span><span class=\"percent\">-31%<\/span><\/span><\/div>        <div class=\"thumb-wrapper\" >\n            <a class=\"thumb-link woocommerce-product-gallery__image hover-zoom\"\n               href=\"https:\/\/uatlet.se\/?product=under-armour-sc30-ultra-performance-shorts\">\n                <figure class=\"primary-thumb\"><img loading=\"lazy\" decoding=\"async\" width=\"300\" height=\"300\" src=\"https:\/\/uatlet.se\/wp-content\/uploads\/2023\/01\/102866-SC30-Ultra-Performance-Shorts-9in-1326704-001-300x300.png\" class=\"attachment-300x300 size-300x300 wp-post-image\" alt=\"\" \/><\/figure>            <\/a>\n                    <\/div>\n                    <div class=\"group-button\">\n\t\t\t\t<span class=\"add-to-cart\" data-title=\"V\u00e4lj alternativ\"><a href=\"https:\/\/uatlet.se\/?product=under-armour-sc30-ultra-performance-shorts\" data-quantity=\"1\" class=\"button product_type_variable add_to_cart_button rtwpvs_add_to_cart rtwpvs_ajax_add_to_cart\" data-product_id=\"503\" data-product_sku=\"102866\" aria-label=\"V\u00e4lj alternativ f\u00f6r \u201dUnder Armour SC30 Ultra Performance Shorts\u201d\" rel=\"nofollow\" data-variation_id=\"\" data-variation=\"\">V\u00e4lj alternativ<\/a><\/span><a href=\"#\" class=\"button yith-wcqv-button\" data-product_id=\"503\">Snabbvisning<\/a>            <\/div>\n        <\/div>\n        <div class=\"product-info equal-elem\">\n\t\t\t<h3 class=\"product-title\"><a href=\"https:\/\/uatlet.se\/?product=under-armour-sc30-ultra-performance-shorts\">Under Armour SC30 Ultra Performance Shorts<\/a><\/h3>\n\t<span class=\"price\"><del aria-hidden=\"true\"><span class=\"woocommerce-Price-amount amount\"><bdi>650,00&nbsp;<span class=\"woocommerce-Price-currencySymbol\">&#107;&#114;<\/span><\/bdi><\/span><\/del> <span class=\"screen-reader-text\">Det ursprungliga priset var: 650,00&nbsp;&#107;&#114;.<\/span><ins aria-hidden=\"true\"><span class=\"woocommerce-Price-amount amount\"><bdi>449,00&nbsp;<span class=\"woocommerce-Price-currencySymbol\">&#107;&#114;<\/span><\/bdi><\/span><\/ins><span class=\"screen-reader-text\">Det nuvarande priset \u00e4r: 449,00&nbsp;&#107;&#114;.<\/span><\/span>\n        <\/div>\n    <\/div>\n<\/li>\n<\/ul><\/div><\/div><\/div><\/div><\/div><\/div>\n","protected":false},"excerpt":{"rendered":"Stephen Curry - B\u00e4sta skytten n\u00e5gonsin! Det \u00e4r r\u00e4tt att s\u00e4ga att Stephen Curry \u00e4r v\u00e4rldens b\u00e4sta 3-po\u00e4ngsskytt n\u00e5gonsin. Och d\u00e5 finns det \u00e4nd\u00e5 ganska styv konkurrens. Han \u00e4r b\u00e4ttre \u00e4n spelare som Dirk Nowitzki, Steve Kerr, Larry Bird(!), Steve Nash, Reggie Miller, Ray Allen och alla idag aktiva spelare, inklusive LeBron, Durant och lagkamraten [...]","protected":false},"author":1,"featured_media":0,"parent":0,"menu_order":0,"comment_status":"closed","ping_status":"closed","template":"","meta":{"footnotes":""},"class_list":["post-888","page","type-page","status-publish","hentry","rtwpvs-product"],"_links":{"self":[{"href":"https:\/\/uatlet.se\/index.php?rest_route=\/wp\/v2\/pages\/888","targetHints":{"allow":["GET"]}}],"collection":[{"href":"https:\/\/uatlet.se\/index.php?rest_route=\/wp\/v2\/pages"}],"about":[{"href":"https:\/\/uatlet.se\/index.php?rest_route=\/wp\/v2\/types\/page"}],"author":[{"embeddable":true,"href":"https:\/\/uatlet.se\/index.php?rest_route=\/wp\/v2\/users\/1"}],"replies":[{"embeddable":true,"href":"https:\/\/uatlet.se\/index.php?rest_route=%2Fwp%2Fv2%2Fcomments&post=888"}],"version-history":[{"count":14,"href":"https:\/\/uatlet.se\/index.php?rest_route=\/wp\/v2\/pages\/888\/revisions"}],"predecessor-version":[{"id":911,"href":"https:\/\/uatlet.se\/index.php?rest_route=\/wp\/v2\/pages\/888\/revisions\/911"}],"wp:attachment":[{"href":"https:\/\/uatlet.se\/index.php?rest_route=%2Fwp%2Fv2%2Fmedia&parent=888"}],"curies":[{"name":"wp","href":"https:\/\/api.w.org\/{rel}","templated":true}]}}