{"id":263,"date":"2023-01-06T17:44:58","date_gmt":"2023-01-06T16:44:58","guid":{"rendered":"http:\/\/localhost\/?post_type=product&#038;p=263"},"modified":"2024-01-03T22:17:49","modified_gmt":"2024-01-03T21:17:49","slug":"under-armour-high-sport-bh-gra","status":"publish","type":"product","link":"https:\/\/uatlet.se\/?product=under-armour-high-sport-bh-gra","title":{"rendered":"Under Armour High Sport BH Gr\u00e5"},"content":{"rendered":"<h2>Inspiration!<\/h2>\n<p>Den h\u00e4r supersmidiga Sport BH:n med dubbla lager HeatGear\u00ae\u00a0 fr\u00e5n Under Armour \u00e4r utm\u00e4rkt f\u00f6r en h\u00f6gintensiv basketmatch eller tr\u00e4ning. Med \u00f6verl\u00e4gset bra st\u00f6d och komfort l\u00e5ter den dig fokusera till 100% p\u00e5 ditt eget spel eftersom den ocks\u00e5 \u00e4r svettavvisande och h\u00e5ller dig torr och fr\u00e4sch.<\/p>\n<p>Den har en djup V plunge nackdel och baksida av mesh f\u00f6r extra sk\u00f6n, l\u00e4tt k\u00e4nsla.<\/p>\n<h2>Information!<\/h2>\n<ul>\n<li>Kompression: Ultra-tight, second-skin k\u00e4nsla<\/li>\n<li>Moisture Transport System som avvisar svett och h\u00e5ller dig torr och fr\u00e4sch<\/li>\n<li>Mjuka formade kupor<\/li>\n<li>Mesh paneler p\u00e5 baksidan<\/li>\n<li>Justerbara elastiskt band<\/li>\n<li>90% Polyester\/10% Elastane<\/li>\n<li>Gr\u00e5<\/li>\n<\/ul>\n","protected":false},"excerpt":{"rendered":"<p>Den h\u00e4r supersmidiga Sport BH:n med dubbla lager HeatGear\u00ae\u00a0 fr\u00e5n Under Armour \u00e4r utm\u00e4rkt f\u00f6r en h\u00f6gintensiv basketmatch eller tr\u00e4ning och den l\u00e5ter dig fokusera till 100% p\u00e5 ditt spel.<\/p>\n","protected":false},"featured_media":435,"template":"","meta":[],"product_cat":[57],"product_tag":[53],"class_list":{"0":"post-263","1":"product","2":"type-product","3":"status-publish","4":"has-post-thumbnail","6":"product_cat-sport-bh","7":"product_tag-kvinnor","8":"product_shipping_class-fri-frakt","10":"first","11":"instock","12":"sale","13":"taxable","14":"shipping-taxable","15":"purchasable","16":"product-type-variable","17":"rtwpvs-product"},"_links":{"self":[{"href":"https:\/\/uatlet.se\/index.php?rest_route=\/wp\/v2\/product\/263","targetHints":{"allow":["GET"]}}],"collection":[{"href":"https:\/\/uatlet.se\/index.php?rest_route=\/wp\/v2\/product"}],"about":[{"href":"https:\/\/uatlet.se\/index.php?rest_route=\/wp\/v2\/types\/product"}],"wp:featuredmedia":[{"embeddable":true,"href":"https:\/\/uatlet.se\/index.php?rest_route=\/wp\/v2\/media\/435"}],"wp:attachment":[{"href":"https:\/\/uatlet.se\/index.php?rest_route=%2Fwp%2Fv2%2Fmedia&parent=263"}],"wp:term":[{"taxonomy":"product_cat","embeddable":true,"href":"https:\/\/uatlet.se\/index.php?rest_route=%2Fwp%2Fv2%2Fproduct_cat&post=263"},{"taxonomy":"product_tag","embeddable":true,"href":"https:\/\/uatlet.se\/index.php?rest_route=%2Fwp%2Fv2%2Fproduct_tag&post=263"}],"curies":[{"name":"wp","href":"https:\/\/api.w.org\/{rel}","templated":true}]}}