{"id":352,"date":"2023-01-06T17:45:29","date_gmt":"2023-01-06T16:45:29","guid":{"rendered":"http:\/\/localhost\/?post_type=product&#038;p=352"},"modified":"2024-01-03T16:34:27","modified_gmt":"2024-01-03T15:34:27","slug":"under-armour-featherweight-fleece-funnel-neck-svart","status":"publish","type":"product","link":"https:\/\/uatlet.se\/?product=under-armour-featherweight-fleece-funnel-neck-svart","title":{"rendered":"Under Armour Featherweight Fleece Funnel Neck Svart"},"content":{"rendered":"<h2>Inspiration!<\/h2>\n<p>Den \u00e4r vad den heter. En fleecetr\u00f6ja som \u00e4r l\u00e4tt och mjuk som en fj\u00e4der. Och\u00a0 s\u00e5 mysig som den kan bli.\u00a0 Den perfekta\u00a0 tr\u00f6jan n\u00e4r du \u00e4r p\u00e5 v\u00e4g hem fr\u00e5n en h\u00e5rd tr\u00e4ning n\u00e4r du vill k\u00e4nna dig b\u00e5de n\u00f6jd med dig sj\u00e4lv, se snygg ut och f\u00e5 den d\u00e4r varma, mysiga k\u00e4nslan av att ha presterat p\u00e5 max.<\/p>\n<h2>Information!<\/h2>\n<ul>\n<li>Loose: Fyllig och mjuk f\u00f6r maximal bekv\u00e4mlighet<\/li>\n<li>Supermjuk och stretchig fleece som ger en otroligt mjuk och l\u00e4tt k\u00e4nsla<\/li>\n<li>Svettavvisande material som torkar fort<\/li>\n<li>Stor, rymlig, funnel neck med justerbart band<\/li>\n<li>Formad baksida som ger bra skydd utan att se stor och bylsig ut<\/li>\n<li>Fickor fram<\/li>\n<li>Inbyggda h\u00e5l f\u00f6r tummar<\/li>\n<li>53% Cotton\/24% Polyester\/23% Elasterell<\/li>\n<li>Svart<\/li>\n<\/ul>\n","protected":false},"excerpt":{"rendered":"<p>Den \u00e4r vad den heter. En fleecetr\u00f6ja som \u00e4r l\u00e4tt och mjuk som en fj\u00e4der. Och\u00a0 s\u00e5 mysig som den kan bli.\u00a0 Den perfekta\u00a0 tr\u00f6jan n\u00e4r du \u00e4r p\u00e5 v\u00e4g hem fr\u00e5n en h\u00e5rd tr\u00e4ning n\u00e4r du vill k\u00e4nna dig b\u00e5de n\u00f6jd med dig sj\u00e4lv, se snygg ut och f\u00e5 den d\u00e4r varma, mysiga k\u00e4nslan av att ha presterat p\u00e5 max.<\/p>\n","protected":false},"featured_media":377,"template":"","meta":[],"product_cat":[54],"product_tag":[53],"class_list":{"0":"post-352","1":"product","2":"type-product","3":"status-publish","4":"has-post-thumbnail","6":"product_cat-langarmat","7":"product_tag-kvinnor","8":"product_shipping_class-fri-frakt","10":"first","11":"instock","12":"sale","13":"taxable","14":"shipping-taxable","15":"purchasable","16":"product-type-variable","17":"rtwpvs-product"},"_links":{"self":[{"href":"https:\/\/uatlet.se\/index.php?rest_route=\/wp\/v2\/product\/352","targetHints":{"allow":["GET"]}}],"collection":[{"href":"https:\/\/uatlet.se\/index.php?rest_route=\/wp\/v2\/product"}],"about":[{"href":"https:\/\/uatlet.se\/index.php?rest_route=\/wp\/v2\/types\/product"}],"wp:featuredmedia":[{"embeddable":true,"href":"https:\/\/uatlet.se\/index.php?rest_route=\/wp\/v2\/media\/377"}],"wp:attachment":[{"href":"https:\/\/uatlet.se\/index.php?rest_route=%2Fwp%2Fv2%2Fmedia&parent=352"}],"wp:term":[{"taxonomy":"product_cat","embeddable":true,"href":"https:\/\/uatlet.se\/index.php?rest_route=%2Fwp%2Fv2%2Fproduct_cat&post=352"},{"taxonomy":"product_tag","embeddable":true,"href":"https:\/\/uatlet.se\/index.php?rest_route=%2Fwp%2Fv2%2Fproduct_tag&post=352"}],"curies":[{"name":"wp","href":"https:\/\/api.w.org\/{rel}","templated":true}]}}