{"id":405,"date":"2023-01-06T17:45:49","date_gmt":"2023-01-06T16:45:49","guid":{"rendered":"http:\/\/localhost\/?post_type=product&#038;p=405"},"modified":"2024-01-03T16:32:42","modified_gmt":"2024-01-03T15:32:42","slug":"under-armour-elevated-performance-crew-sportstrumpor-svarta","status":"publish","type":"product","link":"https:\/\/uatlet.se\/?product=under-armour-elevated-performance-crew-sportstrumpor-svarta","title":{"rendered":"Under Armour Elevated Performance Crew Sportstrumpor Svarta"},"content":{"rendered":"<h2>Inspiration!<\/h2>\n<p>3-pack med Under Armours Performance Crew sportstrumpor i svart. Strumporna har bra d\u00e4mpning och ett anti-bakteriellt, svettavvisande material som ger otroligt bra komfort. Naturligtvis med Under Armours ber\u00f6mda logga p\u00e5 varje par!<\/p>\n<h2>Information!<\/h2>\n<ul>\n<li>Crew skaft<\/li>\n<li>Strategisk d\u00e4mpning<\/li>\n<li>Svettavvisande<\/li>\n<li>Anti-bakteriellt material<\/li>\n<\/ul>\n","protected":false},"excerpt":{"rendered":"<p>3-pack med Under Armours Performance Crew sportstrumpor i svart. Bra d\u00e4mpning och naturligtvis med Under Armours ber\u00f6mda logga p\u00e5 varje par!<\/p>\n","protected":false},"featured_media":432,"template":"","meta":[],"product_cat":[61],"product_tag":[62],"class_list":{"0":"post-405","1":"product","2":"type-product","3":"status-publish","4":"has-post-thumbnail","6":"product_cat-strumpor","7":"product_tag-unisex","8":"product_shipping_class-fri-frakt","10":"first","11":"instock","12":"sale","13":"taxable","14":"shipping-taxable","15":"purchasable","16":"product-type-variable","17":"rtwpvs-product"},"_links":{"self":[{"href":"https:\/\/uatlet.se\/index.php?rest_route=\/wp\/v2\/product\/405","targetHints":{"allow":["GET"]}}],"collection":[{"href":"https:\/\/uatlet.se\/index.php?rest_route=\/wp\/v2\/product"}],"about":[{"href":"https:\/\/uatlet.se\/index.php?rest_route=\/wp\/v2\/types\/product"}],"wp:featuredmedia":[{"embeddable":true,"href":"https:\/\/uatlet.se\/index.php?rest_route=\/wp\/v2\/media\/432"}],"wp:attachment":[{"href":"https:\/\/uatlet.se\/index.php?rest_route=%2Fwp%2Fv2%2Fmedia&parent=405"}],"wp:term":[{"taxonomy":"product_cat","embeddable":true,"href":"https:\/\/uatlet.se\/index.php?rest_route=%2Fwp%2Fv2%2Fproduct_cat&post=405"},{"taxonomy":"product_tag","embeddable":true,"href":"https:\/\/uatlet.se\/index.php?rest_route=%2Fwp%2Fv2%2Fproduct_tag&post=405"}],"curies":[{"name":"wp","href":"https:\/\/api.w.org\/{rel}","templated":true}]}}