{"id":415,"date":"2023-01-06T17:45:50","date_gmt":"2023-01-06T16:45:50","guid":{"rendered":"http:\/\/localhost\/?post_type=product&#038;p=415"},"modified":"2024-01-03T22:25:05","modified_gmt":"2024-01-03T21:25:05","slug":"under-armour-lockdown-3-basketskor-svarta","status":"publish","type":"product","link":"https:\/\/uatlet.se\/?product=under-armour-lockdown-3-basketskor-svarta","title":{"rendered":"Under Armour Lockdown 3 Basketskor Svarta"},"content":{"rendered":"<h2>Inspiration!<\/h2>\n<p>\u00c4ven om Basket handlar mest om talang och massor av tr\u00e4ning, s\u00e5 beh\u00f6vs det ocks\u00e5 lite hj\u00e4lp fr\u00e5n den utrustning du anv\u00e4nder. Bra boll, bekv\u00e4ma kl\u00e4der &#8230; och kanske viktigast av allt, perfekta skor. Dom ska b\u00e5de hj\u00e4lpa dig f\u00f6rb\u00e4ttra ditt spel och skydda dig mot skador.<\/p>\n<p>Den h\u00e4r Lockdown 3 fr\u00e5n Under Armour g\u00f6r just det och lite till. Den har ett<span style=\"font-size: 1rem;\">\u00a0superbt grepp, flexibelt st\u00f6d och anpassad d\u00e4mpning vilket ger bra prestanda och skyddar mot skador. Den slitstarka fasta gummiytan med fiskbensm\u00f6nster g\u00f6r att du kommer iv\u00e4g snabbt i transition, precis som du kan f\u00f6rv\u00e4nta dig av en sko fr\u00e5n Under Armor.<\/span><\/p>\n<h2>Information!<\/h2>\n<ul>\n<li>Mesh som andas\u00a0p\u00e5 ovansidan i kombination med l\u00e4der och syntet f\u00f6r st\u00f6d i alla riktningar<\/li>\n<li>T\u00e5skydd av TPU f\u00f6r b\u00e4ttre h\u00e5llbarhet och skydd<\/li>\n<li>Pl\u00f6s av mesh med lufth\u00e5l som andas bra och ger en sval bekv\u00e4m k\u00e4nsla<\/li>\n<li>Stansad EVA innersula ger st\u00f6d och d\u00e4mpning under foten<\/li>\n<li>Gjuten EVA sula som har l\u00e5g vikt men bra d\u00e4mpning<\/li>\n<li>H\u00e5llbar, hel yttersula i gummi med fiskbensm\u00f6nster \u00f6ver hela sulan f\u00f6r att ge maximalt grepp och kontroll p\u00e5 planen<\/li>\n<li>366 g<\/li>\n<li>F\u00e4rg: Svarta<\/li>\n<\/ul>\n<p><em>Finns ocks\u00e5 i <a href=\"\/?p=3302\">r\u00f6da<\/a>.<\/em><\/p>\n","protected":false},"excerpt":{"rendered":"<p>Bekv\u00e4ma, l\u00e4tta basketskor med utm\u00e4rkt grepp och st\u00f6d.<\/p>\n","protected":false},"featured_media":442,"template":"","meta":[],"product_cat":[63],"product_tag":[51],"class_list":{"0":"post-415","1":"product","2":"type-product","3":"status-publish","4":"has-post-thumbnail","6":"product_cat-basketskor","7":"product_tag-man","8":"product_shipping_class-fri-frakt","10":"first","11":"instock","12":"sale","13":"taxable","14":"shipping-taxable","15":"purchasable","16":"product-type-variable","17":"rtwpvs-product"},"_links":{"self":[{"href":"https:\/\/uatlet.se\/index.php?rest_route=\/wp\/v2\/product\/415","targetHints":{"allow":["GET"]}}],"collection":[{"href":"https:\/\/uatlet.se\/index.php?rest_route=\/wp\/v2\/product"}],"about":[{"href":"https:\/\/uatlet.se\/index.php?rest_route=\/wp\/v2\/types\/product"}],"wp:featuredmedia":[{"embeddable":true,"href":"https:\/\/uatlet.se\/index.php?rest_route=\/wp\/v2\/media\/442"}],"wp:attachment":[{"href":"https:\/\/uatlet.se\/index.php?rest_route=%2Fwp%2Fv2%2Fmedia&parent=415"}],"wp:term":[{"taxonomy":"product_cat","embeddable":true,"href":"https:\/\/uatlet.se\/index.php?rest_route=%2Fwp%2Fv2%2Fproduct_cat&post=415"},{"taxonomy":"product_tag","embeddable":true,"href":"https:\/\/uatlet.se\/index.php?rest_route=%2Fwp%2Fv2%2Fproduct_tag&post=415"}],"curies":[{"name":"wp","href":"https:\/\/api.w.org\/{rel}","templated":true}]}}