{"id":508,"date":"2023-01-06T17:46:27","date_gmt":"2023-01-06T16:46:27","guid":{"rendered":"http:\/\/localhost\/?post_type=product&#038;p=508"},"modified":"2026-03-12T11:34:15","modified_gmt":"2026-03-12T10:34:15","slug":"under-armour-boxed-sportstyle-t-shirt-bla","status":"publish","type":"product","link":"https:\/\/uatlet.se\/?product=under-armour-boxed-sportstyle-t-shirt-bla","title":{"rendered":"Under Armour Boxed Sportstyle T-Shirt Bl\u00e5"},"content":{"rendered":"<h2>Inspiration!<\/h2>\n<p>En klassisk Under Armour T-Shirt med fyrkantiga UA loggan p\u00e5 framsidan. Den har stretchkonstruktion som arbetar i 4 riktningar och d\u00e4rf\u00f6r r\u00f6r sig b\u00e4ttre och f\u00f6ljsammare och ger en bekv\u00e4m k\u00e4nsla. Materialet \u00e4r en bomullsblandning som kallas Charged Cotton och k\u00e4nns som bomull, men torkar mycket snabbare.<\/p>\n<h2>Information!<\/h2>\n<ul>\n<li>Charged Cotton\u00ae med samma komfort som bomull, men torkar snabbare<\/li>\n<li>4-v\u00e4gs stretch som r\u00f6r sig b\u00e4ttre i alla riktningar<\/li>\n<li>60% Bomull \/ 40% Polyester<\/li>\n<li>F\u00e4rg: Bl\u00e5<\/li>\n<\/ul>\n<p>Finns ocks\u00e5 i <a href=\"\/?p=2926\">svart<\/a> och <a href=\"\/?p=2936\">r\u00f6d<\/a>.<\/p>\n","protected":false},"excerpt":{"rendered":"<p>En klassisk Under Armour T-Shirt med fyrkantiga UA loggan p\u00e5 framsidan. Finns ocks\u00e5 i svart och r\u00f6d.<\/p>\n","protected":false},"featured_media":535,"template":"","meta":[],"product_cat":[52],"product_tag":[51],"class_list":{"0":"post-508","1":"product","2":"type-product","3":"status-publish","4":"has-post-thumbnail","6":"product_cat-kortarmat","7":"product_tag-man","9":"first","10":"instock","11":"sale","12":"taxable","13":"shipping-taxable","14":"purchasable","15":"product-type-variable","16":"rtwpvs-product"},"_links":{"self":[{"href":"https:\/\/uatlet.se\/index.php?rest_route=\/wp\/v2\/product\/508","targetHints":{"allow":["GET"]}}],"collection":[{"href":"https:\/\/uatlet.se\/index.php?rest_route=\/wp\/v2\/product"}],"about":[{"href":"https:\/\/uatlet.se\/index.php?rest_route=\/wp\/v2\/types\/product"}],"wp:featuredmedia":[{"embeddable":true,"href":"https:\/\/uatlet.se\/index.php?rest_route=\/wp\/v2\/media\/535"}],"wp:attachment":[{"href":"https:\/\/uatlet.se\/index.php?rest_route=%2Fwp%2Fv2%2Fmedia&parent=508"}],"wp:term":[{"taxonomy":"product_cat","embeddable":true,"href":"https:\/\/uatlet.se\/index.php?rest_route=%2Fwp%2Fv2%2Fproduct_cat&post=508"},{"taxonomy":"product_tag","embeddable":true,"href":"https:\/\/uatlet.se\/index.php?rest_route=%2Fwp%2Fv2%2Fproduct_tag&post=508"}],"curies":[{"name":"wp","href":"https:\/\/api.w.org\/{rel}","templated":true}]}}