{"id":692,"date":"2023-01-06T17:47:43","date_gmt":"2023-01-06T16:47:43","guid":{"rendered":"http:\/\/localhost\/?post_type=product&#038;p=692"},"modified":"2024-01-03T22:33:36","modified_gmt":"2024-01-03T21:33:36","slug":"under-armour-renegade-keps-rosa","status":"publish","type":"product","link":"https:\/\/uatlet.se\/?product=under-armour-renegade-keps-rosa","title":{"rendered":"Under Armour Renegade Keps Rosa"},"content":{"rendered":"<h2>Inspiration!<\/h2>\n<p>Under Armours Renegade keps med attityd, performance material, klassisk passform och den UA Siro sweatband som enkelt g\u00f6r det h\u00e4r till en favorit.<\/p>\n<p>Den har en formad sk\u00e4rm och en frontpanel som formar sig efter ditt huvud och ger en l\u00e5g och smidig profil. Justerbar s\u00e5 du beh\u00f6ver inte oro dig f\u00f6r storlek eller om ditt huvud skulle v\u00e4xa \ud83d\ude42 Och f\u00f6r att visa omv\u00e4rlden har den naturligtvis den ingraverade Under Armour loggan.<\/p>\n<h2>Information!<\/h2>\n<ul>\n<li>F\u00f6r-formad sk\u00e4rm och frontpanell utan struktur som formar sig efter ditt huvus och ger en l\u00e5g, smidig profil<\/li>\n<li>Nydesignad UA Microthread material framtaget f\u00f6r att ge utomordentligt h\u00e5llbarhet och andning<\/li>\n<li>UA Siro svettband som \u00e4r f\u00f6ljsamt och har en supermjuk k\u00e4nsla<\/li>\n<li>Justerbar<\/li>\n<li>Ingraverad logga<\/li>\n<li>100% Polyester<\/li>\n<li>F\u00e4rg: Rosa<\/li>\n<\/ul>\n<p><em>Finns ocks\u00e5 i <a href=\"\/?p=3489\">svart<\/a>.<\/em><\/p>\n","protected":false},"excerpt":{"rendered":"<p>Keps med klassisk passform, attityd och naturligtvis den ingraverade Under Armour loggan.<\/p>\n","protected":false},"featured_media":721,"template":"","meta":[],"product_cat":[50],"product_tag":[53],"class_list":{"0":"post-692","1":"product","2":"type-product","3":"status-publish","4":"has-post-thumbnail","6":"product_cat-kepsar","7":"product_tag-kvinnor","8":"product_shipping_class-fri-frakt","10":"first","11":"instock","12":"sale","13":"taxable","14":"shipping-taxable","15":"purchasable","16":"product-type-simple"},"_links":{"self":[{"href":"https:\/\/uatlet.se\/index.php?rest_route=\/wp\/v2\/product\/692","targetHints":{"allow":["GET"]}}],"collection":[{"href":"https:\/\/uatlet.se\/index.php?rest_route=\/wp\/v2\/product"}],"about":[{"href":"https:\/\/uatlet.se\/index.php?rest_route=\/wp\/v2\/types\/product"}],"wp:featuredmedia":[{"embeddable":true,"href":"https:\/\/uatlet.se\/index.php?rest_route=\/wp\/v2\/media\/721"}],"wp:attachment":[{"href":"https:\/\/uatlet.se\/index.php?rest_route=%2Fwp%2Fv2%2Fmedia&parent=692"}],"wp:term":[{"taxonomy":"product_cat","embeddable":true,"href":"https:\/\/uatlet.se\/index.php?rest_route=%2Fwp%2Fv2%2Fproduct_cat&post=692"},{"taxonomy":"product_tag","embeddable":true,"href":"https:\/\/uatlet.se\/index.php?rest_route=%2Fwp%2Fv2%2Fproduct_tag&post=692"}],"curies":[{"name":"wp","href":"https:\/\/api.w.org\/{rel}","templated":true}]}}