{"id":737,"date":"2023-01-06T17:48:00","date_gmt":"2023-01-06T16:48:00","guid":{"rendered":"http:\/\/localhost\/?post_type=product&#038;p=737"},"modified":"2024-01-03T16:16:29","modified_gmt":"2024-01-03T15:16:29","slug":"under-armour-baseline-practice-shorts-svart","status":"publish","type":"product","link":"https:\/\/uatlet.se\/?product=under-armour-baseline-practice-shorts-svart","title":{"rendered":"Under Armour Baseline Practice Shorts Svart"},"content":{"rendered":"<h2>Inspiration<\/h2>\n<p>Oavsett vilken sport du ut\u00f6var, inklusive Basket f\u00f6rst\u00e5s, s\u00e5 \u00e4r dom h\u00e4r shortsen perfekta. Bekv\u00e4ma, snygga och tillverkade av ett t\u00e5ligt material som andas bra, \u00e4r fuktavst\u00f6tande och torkar fort.<\/p>\n<h2>Information<\/h2>\n<ul>\n<li>T\u00e5ligt material som andas bra<\/li>\n<li>Svettavvisande and torkar fort.<\/li>\n<li>Elastiskt justerbart midjeband<\/li>\n<li>\u00d6ppna fickor<\/li>\n<li>Tryck p\u00e5 baksidan<\/li>\n<li>Inners\u00f6m: 23 cm<\/li>\n<li>Ingen liner<\/li>\n<li>100% Polyester<\/li>\n<li>F\u00e4rg: Black<\/li>\n<\/ul>\n<p><em>Finns ocks\u00e5 i <a href=\"\/?p=4034\">Bl\u00e5tt<\/a>.<\/em><\/p>\n","protected":false},"excerpt":{"rendered":"<p>Bekv\u00e4ma. Snygga, T\u00e5liga, men andas bra. Svettavisande och torkar fort. Det h\u00e4r \u00e4r dom perfekta tr\u00e4ningsshortsen. Finns i bl\u00e5tt och svart.<\/p>\n","protected":false},"featured_media":760,"template":"","meta":[],"product_cat":[56],"product_tag":[51],"class_list":{"0":"post-737","1":"product","2":"type-product","3":"status-publish","4":"has-post-thumbnail","6":"product_cat-shorts","7":"product_tag-man","8":"product_shipping_class-fri-frakt","10":"first","11":"instock","12":"sale","13":"taxable","14":"shipping-taxable","15":"purchasable","16":"product-type-variable","17":"rtwpvs-product"},"_links":{"self":[{"href":"https:\/\/uatlet.se\/index.php?rest_route=\/wp\/v2\/product\/737","targetHints":{"allow":["GET"]}}],"collection":[{"href":"https:\/\/uatlet.se\/index.php?rest_route=\/wp\/v2\/product"}],"about":[{"href":"https:\/\/uatlet.se\/index.php?rest_route=\/wp\/v2\/types\/product"}],"wp:featuredmedia":[{"embeddable":true,"href":"https:\/\/uatlet.se\/index.php?rest_route=\/wp\/v2\/media\/760"}],"wp:attachment":[{"href":"https:\/\/uatlet.se\/index.php?rest_route=%2Fwp%2Fv2%2Fmedia&parent=737"}],"wp:term":[{"taxonomy":"product_cat","embeddable":true,"href":"https:\/\/uatlet.se\/index.php?rest_route=%2Fwp%2Fv2%2Fproduct_cat&post=737"},{"taxonomy":"product_tag","embeddable":true,"href":"https:\/\/uatlet.se\/index.php?rest_route=%2Fwp%2Fv2%2Fproduct_tag&post=737"}],"curies":[{"name":"wp","href":"https:\/\/api.w.org\/{rel}","templated":true}]}}